late the greatest common factor of 72 and u.
9
Let d = -5 - 2. Let k = -5 - d. Calculate the highest common divisor of k and 18.
2
Suppose 7*a - 578 + 88 = 0. Suppose 5*n = -x + 53, -6*x + 2*x + 97 = -3*n. What is the greatest common factor of x and a?
14
Suppose 4*t + 3*r - 78 = 265, 3*t - 261 = -r. What is the highest common factor of t and 8?
8
Let q(n) = 7*n**2 + 6*n**2 - 6*n**2. Let s be q(1). Let p = 10 - s. Calculate the greatest common divisor of p and 15.
3
Suppose -5*c + 30 = -2*s - 3*s, -2*s - 36 = -5*c. Calculate the greatest common divisor of 16 and c.
8
Suppose y - 3*q - q - 16 = 0, 3*y + q = 9. Let f = y - 0. Calculate the highest common divisor of 2 and f.
2
Let u be 27/(1*(-9)/(-12)). Suppose 3*k - u = k. Calculate the highest common divisor of 54 and k.
18
Let f be -18 + 33 - 1*1/(-1). What is the greatest common divisor of f and 4?
4
Let t(v) = -v + 7. Let u be t(-5). Suppose -15 = -h + u. Suppose -h = -3*s + 9. What is the highest common factor of s and 18?
6
Let q(r) = 17*r - 11. Let i be 93/15 - (-4)/(-20). Let t be q(i). What is the greatest common divisor of 13 and t?
13
Suppose -66 = -5*s + 179. Let t be (-8)/(-12)*21/2. Calculate the highest common factor of s and t.
7
Suppose -4*k = -3*z + 152, 4*k = 2*z + 3*z - 240. Let g be 132/(-10)*(-2 + (-9)/3). Calculate the highest common factor of z and g.
22
Suppose 0*f + 210 = 5*f. Suppose -5*i + 143 = 3*p, -5*i + 0*p = 4*p - 144. Calculate the highest common divisor of f and i.
14
Suppose 8 = 3*b + 4*t - 18, 2*t = -3*b + 16. Suppose -3*d + b*d + 10 = 0. Let i = 7 - -8. Calculate the highest common factor of d and i.
5
Suppose 4*f + 232 = 2*m, 5*m - 94 = -f + 453. What is the highest common divisor of 11 and m?
11
Suppose -3*u + 34 = 2*c, 4*c = -3*u - u + 64. Calculate the highest common factor of c and 2.
2
Let q = 27 - 18. What is the highest common factor of 81 and q?
9
Suppose w - 26 = -d, -2*w - 3*d + 5*d = -52. Suppose 3*c + 2 - w = 0. Calculate the highest common divisor of 1 and c.
1
Suppose 3*q - q = 80. Let y(g) = -g - 7. Let o be y(-7). Suppose 2*d + 42 = 4*l - 26, o = -4*l + d + 66. Calculate the highest common factor of l and q.
8
Let l = -2 - 3. Let g(w) = w**2 + 6*w + 7. Let a be g(l). Let t be (-73)/(-2) - a/4. What is the highest common factor of t and 9?
9
Let d(l) = 24*l**2. Let y be d(1). Calculate the greatest common divisor of y and 36.
12
Suppose 0*a = -5*a + 150. Suppose 0*o - o = -a. Calculate the greatest common divisor of 75 and o.
15
Suppose 0*c - 10 = -p + 5*c, 0 = 3*p - 2*c - 56. Calculate the greatest common divisor of p and 2.
2
Let w(l) = 10*l**2 - l + 2. Suppose 0 = -5*c + 2*c - 6. Let t be w(c). Let h = -26 + t. Calculate the highest common factor of h and 9.
9
Let i(j) = -j. Let s(y) = y**2 - 8*y + 1. Let m(k) = -4*i(k) + s(k). Let w be m(7). What is the highest common divisor of 55 and w?
11
Let c = -3 - 3. Let o(d) = 3*d + 15 - 6 - 2*d. Let t be o(c). What is the highest common factor of t and 24?
3
Let b(k) be the second derivative of -k**3/2 + k**2 + 2*k. Let q be b(-5). Let h(o) = 18*o - 7. Let l be h(7). What is the highest common factor of l and q?
17
Let g(j) = 9*j - 2. Let c be g(6). What is the highest common factor of c and 130?
26
Suppose -2*y + 0 = 2. Let s be (3 + -2 - y) + 9. Calculate the greatest common divisor of 44 and s.
11
Let z(b) = b**2 + 52. Let t be z(0). Let a be (-424)/14 + 4/14. Let q = t + a. Calculate the greatest common divisor of 2 and q.
2
Suppose k + 3*k = 3*v + 2, 4*v - 18 = -5*k. Suppose -4*c + 5*d = -30, 3*c + 3*d = 7*d + 22. Calculate the highest common divisor of v and c.
2
Let i be (-126)/15*60/(-9). What is the highest common factor of i and 84?
28
Suppose -2*o - 33 = -5*o. Suppose 4*i = 6*i - 22. What is the greatest common factor of o and i?
11
Let y = 21 - -78. Suppose 4*k - 38 = 4*h + 2, 3*k + 3*h = 0. Let d = k + 4. Calculate the highest common divisor of y and d.
9
Let g(p) = p - 3. Let c be g(4). Let v(y) = -c + 6*y + 3*y + 3 + 7*y**2 - y**3. Let t be v(8). What is the greatest common divisor of t and 70?
10
Let p = 3 + 2. Calculate the greatest common factor of p and 5.
5
Let u(m) = -m - 6. Let p be u(-9). Let h be (p/6)/((-2)/(-20)). Suppose h*s - 30 = 20. What is the greatest common factor of s and 15?
5
Let v(a) = a + 7. Let d be v(6). What is the highest common factor of 26 and d?
13
Suppose 0*q = -4*q + 2*y + 4, 0 = -3*q - 5*y + 16. Let c be 2 - (-2 + 1 - q). Calculate the highest common divisor of c and 40.
5
Suppose 19*r - 3 = 16*r. What is the highest common factor of 11 and r?
1
Let i be 4/(1 - 0) + -1. Suppose -s + 5 = 2*c, -5*c + 21 + 8 = -i*s. Let v be 354/8 + 1/(-4). Calculate the highest common divisor of c and v.
4
Let n be 0/(-2*1*-1). Let i be -1 + n - 254/(-2). Let p be 2/9 - (-496)/36. Calculate the greatest common factor of p and i.
14
Suppose 0 = t - 9*t + 112. What is the greatest common divisor of 7 and t?
7
Suppose f = -4, 3*f = -3*w + 105 + 318. What is the greatest common divisor of 29 and w?
29
Let u be (-2)/((-5)/((-105)/(-6))). Let p = 33 - 26. Calculate the highest common factor of p and u.
7
Let g = 43 - -52. What is the highest common divisor of g and 38?
19
Let q(h) be the first derivative of 13*h**2 - 3*h - 3. Let v be q(2). What is the highest common divisor of v and 7?
7
Let m(z) = 4*z. Let p be m(1). Suppose 0*y - 32 = -p*y. Calculate the highest common divisor of y and 56.
8
Suppose -176 = -23*j + 12*j. Let o be 2/(-4) + 353/2. What is the greatest common divisor of o and j?
16
Let m(v) = v**2 - v - 6. Let p be m(-5). Let r = 176 - 128. What is the greatest common factor of r and p?
24
Let m(i) = -i**3 - 16*i**2 - 3*i - 18. Let k be m(-16). Let o = 74 - k. What is the highest common divisor of 4 and o?
4
Let r be -1 - (-3)/(6/322). Let j be (-2 + 1)/((23/16)/(-23)). What is the greatest common divisor of r and j?
16
Let n(i) = -i**2 + 23*i + 16. Let u be n(23). Calculate the highest common divisor of 72 and u.
8
Let k(v) = v**2 + 3*v - 1. Let m be k(-3). Let o be 66/9 + m/3. Let q = o - -2. Calculate the highest common divisor of 18 and q.
9
Let x = 52 - 37. Suppose x = 5*q, -3*y - 4*q + 42 = q. Calculate the highest common factor of y and 45.
9
Let s(q) = -2*q - 9. Let j be s(-7). Suppose -3*z - 2 = -j*z, -4*y + 5*z = -571. Suppose -y = -5*g + 136. Calculate the highest common divisor of g and 8.
8
Let j(r) = -2*r - 12. Let w be j(12). Let a be 14/(-8)*2*w. Calculate the greatest common factor of a and 14.
14
Let k = 3 + -1. Suppose k*o = o + 7. Calculate the highest common divisor of o and 35.
7
Let t be ((-6)/(-6))/(1/4). Suppose 3*m + t*i = 4 + 32, -m - 2*i + 14 = 0. Calculate the greatest common factor of 24 and m.
8
Suppose 10*n = 66 + 44. What is the highest common divisor of n and 121?
11
Let j(c) = 26 - c**2 - c + c**3 + 0*c**3 + 0. Let t be j(0). What is the highest common factor of t and 65?
13
Let n(o) = o**2 + 9*o + 1. Let u be n(12). Calculate the greatest common factor of 23 and u.
23
Suppose -3*n - 436 = -5*n. Suppose -h = -4*c + 143 + n, h = -1. Calculate the highest common divisor of 10 and c.
10
Let v(a) = -a**3 + 6*a**2 + 1. Let z be v(5). Let b be (-13 - -10) + (z - 1). What is the greatest common factor of b and 11?
11
Let n = -45 - -51. What is the greatest common factor of n and 15?
3
Let w be (-9)/((-5)/((-40)/(-6))). Calculate the highest common divisor of 8 and w.
4
Let s(d) = -3*d**2 + d + 4. Let f = 7 + -4. Let y be s(f). Let o be (y/(-6))/((-4)/(-78)). What is the highest common factor of 26 and o?
13
Suppose h - 2 = 2. Suppose h*q = -4 + 28. Suppose -5*y - 2*k + 75 = -q, -2*y + 26 = 4*k. Calculate the greatest common divisor of 153 and y.
17
Suppose -10 = -b - b. Suppose 5*v - 40 = b. Suppose -99 = 2*m + 2*x - 243, 5*x = 0. Calculate the highest common divisor of v and m.
9
Let v be (-8 + (3 - 2))*(-390)/91. Let p = -19 + 29. Calculate the highest common factor of v and p.
10
Suppose 151 - 2545 = -18*q. Let c(s) = 4*s + 3. Let z be c(4). Calculate the greatest common divisor of q and z.
19
Suppose 4*m - 28 = 28. What is the highest common factor of m and 28?
14
Let d(h) = -h + 23. Let r be d(0). What is the highest common divisor of 46 and r?
23
Let i be (5/(-5))/(5/(-140)). What is the greatest common factor of 196 a